m = 3*a + 50. Let j = 93 - m. What is the tens digit of j?
4
Let k = -11 - -7. Let b = k + 7. Suppose -21 = -t - 5*d, 0 = b*t - 4*d - 7 + 1. What is the units digit of t?
6
Suppose 4*z - a + 15 = 2*a, -a + 5 = -2*z. What is the tens digit of (-12)/(-1) - z/(-2)?
1
Let n(b) = -b**3 - 2*b**2 - b. Let y be n(-1). Suppose 3*v - k - 4 - 4 = y, 5*v - 4 = 4*k. What is the units digit of v?
4
Let l(w) = 50*w**3 + 2*w**2 + 2*w + 1. Let r be l(-1). What is the units digit of 86/7 + 14/r?
2
Let b be -7 - 4 - (-1 - 1). Let a(v) be the first derivative of -v**2/2 + 2*v + 1. What is the tens digit of a(b)?
1
What is the hundreds digit of ((-163)/(-6) - 4)/(2/12)?
1
Let f(n) = n**3 - n**2. Let c be f(0). Let u = c + 3. Suppose -u*g - 8 = -4*z, -3 = -3*z + 12. What is the units digit of g?
4
Let x(k) = 15*k**3 + 2*k - 1. Let d be x(1). Suppose -d = -v + p, -2*v + 4*v - 5*p = 20. What is the tens digit of v?
2
What is the tens digit of (49 + 3)*(-9)/(-36)?
1
Suppose 0*r = -4*r. Let b be 0/(1 - 2 - 0). What is the units digit of 1 + r + 0 + b?
1
Suppose -2*y - 3*y = 5*h - 5, h + 11 = 5*y. Let o be 2/(-4) - (-23)/(-2). What is the units digit of (h - -4)/(o/(-32))?
8
Suppose -5*a + 5*s = -0*a - 140, 4*s = -a + 3. What is the tens digit of a?
2
Let i = 11 + -6. Let k(p) = 6*p**2 + 5. Let s(m) = m**2 + m. Let c(d) = k(d) - 5*s(d). What is the units digit of c(i)?
5
Let o = -9 - -13. Suppose o*p = 46 + 18. What is the tens digit of p?
1
Let a be (-2)/((-6)/(-3)) - 1. What is the units digit of (-2)/(-4) - 5/a?
3
Let a = -55 - -77. Let k = a - 9. What is the units digit of k?
3
Suppose 5*z - 374 + 19 = 0. What is the tens digit of z?
7
Let u(g) = -g**3 - 15*g**2 + 16*g + 4. What is the units digit of u(-16)?
4
Let k(u) = u**2 + 17*u + 33. Let l be k(-15). Let w be ((-4)/(-3))/((-2)/9). What is the units digit of (-3)/l*(-1 + w)?
7
Let a(k) = 3*k - 39. Let i be a(17). Suppose f = -2*f - 189. What is the units digit of -4*(2 + f/i)?
3
What is the tens digit of (-18 + 10)/(3/(-54))?
4
Let f = 152 + 196. What is the tens digit of f?
4
Suppose 3*a = 6*a - 51. What is the tens digit of a?
1
Suppose 3*i - 457 = 188. What is the hundreds digit of i?
2
Suppose 6*f = 651 + 9. What is the tens digit of f?
1
Let f(z) = 8*z**2 + 2*z. Let g be f(-2). Suppose h - g + 7 = 0. What is the tens digit of h?
2
Let s(v) = -v**2 - 6*v - 1. Let c = 25 - 16. Let h(x) = -4*x**2 - 23*x - 3. Let k(w) = c*s(w) - 2*h(w). What is the units digit of k(-4)?
3
Let w be (-4)/(-6) - (-16)/(-6). Let d be -2*1*(-7)/w. Let m = d - -13. What is the units digit of m?
6
Let d = 9 + -12. What is the units digit of (111/d*-1)/1?
7
Let o(x) = -x**3 - 3*x**2 + 4*x + 2. Let s be o(-4). What is the units digit of s/((-6)/(-3)) - -8?
9
Suppose -3*h + 5*m + 250 + 504 = 0, 4*h + 3*m - 1015 = 0. What is the tens digit of h?
5
Let k(o) = -o**3 - 5*o**2 + 3*o - 6. What is the units digit of k(-6)?
2
Suppose 2*x = 3 - 1. Let t be 2 - (0 - (-1 + x)). Suppose 35 = 3*o + t. What is the tens digit of o?
1
Let q(h) = h**3 - 10*h**2 - 3. Let d(z) = 2*z. Let j be d(5). Let n be q(j). What is the tens digit of 0 - (-12)/(n + 4)?
1
Let m = 5 - 10. Let q(u) = -7*u + u + 3*u**2 - 4*u**2. What is the units digit of q(m)?
5
Suppose 0 = 3*i + 12, n = 5*i + 68 + 25. What is the tens digit of n?
7
What is the units digit of (-146)/(-9) - (-2)/(-9)?
6
Let y(g) = -41*g + 17. What is the units digit of y(-2)?
9
Suppose 3 = h, -3*k + 5*h = k + 7. Suppose 2*v + 4*x - 5*x - 12 = 0, 12 = v - k*x. What is the units digit of v?
4
What is the tens digit of 820/8 - 2*1/(-4)?
0
Let x(t) = t**3 - t**2 - t - 1. Let z(d) = -5*d**3 + 11*d**2 + 5*d + 2. Let b(k) = 6*x(k) + z(k). What is the units digit of b(-5)?
1
Let o = 7 + 9. Let j = -2 + o. What is the units digit of (12/j)/((-1)/(-7))?
6
Let r be (0 - 0)*-1*1. Suppose 4*y - 5*o - 5 = -y, r = -2*o + 2. What is the units digit of y?
2
Let m = 25 + 17. What is the units digit of m?
2
Suppose 0 = -0*t - t + 4. What is the tens digit of 57/5 - t/10?
1
Suppose 4*p = 6 - 2. What is the tens digit of p/((-4)/54)*-2?
2
Let a be -8*((-5)/2)/5. Suppose -2*x + 38 = -3*f + 9, a*x - 28 = -4*f. What is the units digit of x?
0
Let u(q) = -3*q**3 - 14*q**2 + 12*q - 23. Let k(z) = -5*z**3 - 21*z**2 + 18*z - 35. Let j(v) = 5*k(v) - 8*u(v). What is the units digit of j(6)?
9
Suppose 3*i + 3*x - 33 = 0, 5*i + x - 45 = 10. Suppose 3*r + 4*l + 0*l = i, 0 = -5*r - 5*l + 25. What is the units digit of r?
9
Suppose 4*f = 4*n + 128, 0 = -0*f + f - 2*n - 32. What is the units digit of f?
2
What is the tens digit of 6/39 + ((-12456)/(-52))/3?
8
What is the units digit of 200*(15/(-25) + 1)?
0
Let p be (6/9)/(4/(-18)). What is the tens digit of p/(-6 - -3) - -10?
1
Let i = 12 + -19. Let y = i - -11. What is the units digit of 2/y*(12 + -4)?
4
Suppose -16 = -2*m + 4*c, m + 2*c = -0*m - 4. Suppose -m*z = 3*z - 40. What is the units digit of z?
8
Suppose s = -5*o, 22 = 5*s + 3*o - 0*o. Let j(w) = w**2 - 11*w. Let v be j(s). What is the units digit of 36/v*10/(-3)?
4
Suppose 4*r = 3*l + l - 8, -3*r - 6 = -5*l. Suppose -k - 4*b + 12 = 0, 5*k - 4*b + 9*b - 30 = l. What is the units digit of k?
4
Suppose -4*d + a = 5*a - 44, d - 13 = -2*a. What is the units digit of d?
9
Let p(n) = n**3 + 6*n**2 - n. Let b be p(-6). Let i(c) = -c**3 + 3*c + 1. Let y be i(-2). Suppose s - m - b = 0, 15 - y = 4*s - m. What is the units digit of s?
2
Suppose 2*i - 11 = 1. Suppose -i*v + 180 = -2*v. What is the tens digit of v?
4
Suppose 7 = -2*y + 55. What is the units digit of y?
4
Let n(b) = b**2 - 4*b + 2. Let y be n(4). Suppose y*z - 96 = -2*z. Let d = z + -15. What is the units digit of d?
9
Suppose -3*g + 0*g = 30. Let m(a) = 8*a + 2. Let r(f) = 7*f + 3. Let h(p) = 6*m(p) - 7*r(p). What is the units digit of h(g)?
1
Let s be (4/6)/((-1)/3). Let t be 6/3 + (4 - 1). Let n = t - s. What is the units digit of n?
7
Suppose 5*w - 28 = -2*s, -s + 5*w - 36 = -5*s. What is the units digit of s?
4
Let c(l) = 16*l**2 - l + 1. Let t = 10 + -6. Let s be 6/t + 1/(-2). What is the tens digit of c(s)?
1
Suppose -2*u + 5*y = -32, -u + 5*y + 8 = -8. What is the tens digit of u*(-1)/(-2)*2?
1
Let g be ((-11)/4)/(2/(-16)). Suppose -3*o - g = 4*s, -4*o - 10 = -9*o + 5*s. What is the tens digit of -10*(2 + -1 + o)?
1
Let v = -10 - -20. Suppose -4*h - 2 = -22. Suppose -5*q + 34 = 4*r + v, -h*r = q - 9. What is the units digit of q?
4
Suppose -5*j + 1154 = -3*y, -j - 2*j = -3*y - 690. What is the units digit of j?
2
Suppose 0 = -s - 5*u - 15, s - 5*u - 17 = -2. Suppose 5*o + 12 + 13 = s, 0 = 4*w - 3*o - 27. What is the units digit of -4*(w/(-2) + 0)?
6
Let r = -43 - -95. What is the tens digit of r?
5
Let q = 332 - 176. What is the units digit of q?
6
Let k be (-2)/(-8) + (-196)/16. Let j be (-232)/k*3/(-2). Let n = 42 + j. What is the units digit of n?
3
Let n be 5*(-5 - -2)/(-3). Suppose 5*f - 9 = -2*q, -2*q + 0*f - 1 = -n*f. Suppose -y - y = -q. What is the units digit of y?
1
What is the tens digit of ((-36)/(-15))/((-12)/(-90))?
1
Let k = 265 - 150. What is the tens digit of k?
1
Let x = -36 + 146. What is the units digit of (x/(-6))/(-5)*3?
1
Let g = -11 - -8. Let a = g + 5. Suppose 3*q = a*q + 5. What is the units digit of q?
5
Suppose 3*z = -3*p + 6*z + 453, 0 = -5*z - 20. What is the units digit of p?
7
Let v be 0/(-2*(-3 - -4)). Suppose 2*g + 2*m - 18 = v, 0*m + 10 = -2*m. What is the units digit of g?
4
Let a = 17 + -15. Let d(l) = -l - 5. Let v be d(-7). Suppose -v*p - 4*z - 5 = -p, 35 = 3*p + a*z. What is the units digit of p?
5
Let b(i) = -i**3 - 8*i**2 - 8*i - 6. Let x(k) = -3*k**3 - 24*k**2 - 24*k - 17. Let m(p) = 11*b(p) - 4*x(p). What is the tens digit of m(-6)?
2
Suppose -681 = -7*o + 40. What is the hundreds digit of o?
1
Let g(d) = -d - 2. Let c be g(0). Let z = 0 + c. Let q = 4 - z. What is the units digit of q?
6
Let c = -20 - -26. Suppose 5*i = 3*s + 10, -4*i - s + c*s = -8. What is the units digit of i?
2
Suppose -2*n = 5*a - 94, 62 = 4*a - n - 4*n. What is the tens digit of a?
1
Let f(r) = -r - 3. Let v be f(-7). Suppose -2*w = -v*w + 20. What is the tens digit of w?
1
Let n(k) = -k - 2. Let u be n(-2). Suppose 6*z = -5*g + 3*z, -3*g - 5*z - 16 = u. What is the units digit of g?
3
Suppose 16 = 2*u - 20. What is the units digit of u?
8
Let y